{"id":178,"date":"2014-04-10T03:23:51","date_gmt":"2014-04-10T02:23:51","guid":{"rendered":"http:\/\/mobillab.etsmtl.ca\/?page_id=178"},"modified":"2014-04-10T03:23:51","modified_gmt":"2014-04-10T02:23:51","slug":"modegravele-de-luqam","status":"publish","type":"page","link":"https:\/\/mobillab.etsmtl.ca\/?page_id=178","title":{"rendered":"Le mod\u00e8le UQAM"},"content":{"rendered":"<p><a href=\" http:\/\/mobillab.etsmtl.ca\/wp-content\/uploads\/2014\/04\/UQAM.png\"><img loading=\"lazy\" decoding=\"async\" src=\" http:\/\/mobillab.etsmtl.ca\/wp-content\/uploads\/2014\/04\/UQAM.png\" alt=\"\" title=\"UQAM\" width=\"450\" height=\"117\" class=\"alignnone size-full wp-image-179\" \/><\/a><\/p>\n<p><strong>Le mod\u00e8le<\/strong><br \/>\n<a href=\" http:\/\/mobillab.etsmtl.ca\/wp-content\/uploads\/2014\/04\/ModeleUQAM1.png\"><img loading=\"lazy\" decoding=\"async\" src=\" http:\/\/mobillab.etsmtl.ca\/wp-content\/uploads\/2014\/04\/ModeleUQAM1.png\" alt=\"\" title=\"ModeleUQAM\" width=\"1286\" height=\"967\" class=\"alignright size-full wp-image-188\" \/><\/a><\/p>\n<p><strong>R\u00e9sultats <\/strong><br \/>\n<a href=\" http:\/\/mobillab.etsmtl.ca\/wp-content\/uploads\/2014\/04\/ResultatUQAM.png\"><img loading=\"lazy\" decoding=\"async\" src=\" http:\/\/mobillab.etsmtl.ca\/wp-content\/uploads\/2014\/04\/ResultatUQAM-1024x270.png\" alt=\"\" title=\"ResultatUQAM\" width=\"550\" height=\"145\" class=\"aligncenter size-large wp-image-189\" \/><\/a><\/p>\n<p>\n<strong>L&rsquo;\u00e9quipe : <\/strong><\/p>\n<ul>\n<li>Catherine Mounier (Professeur\/Directrice du d\u00e9partement des sciences biologiques)<\/li>\n<li>Daniel Lemieux (responsable technique au d\u00e9partement)<\/li>\n<\/ul>\n<p><a href=\" http:\/\/mobillab.etsmtl.ca\/wp-content\/uploads\/2014\/04\/EquipeUQAM.png\"><img loading=\"lazy\" decoding=\"async\" src=\" http:\/\/mobillab.etsmtl.ca\/wp-content\/uploads\/2014\/04\/EquipeUQAM-300x207.png\" alt=\"\" title=\"EquipeUQAM\" width=\"300\" height=\"207\" class=\"aligncenter size-medium wp-image-180\" \/><\/a><\/p>\n","protected":false},"excerpt":{"rendered":"<p>Le mod\u00e8le R\u00e9sultats L&rsquo;\u00e9quipe : Catherine Mounier (Professeur\/Directrice du d\u00e9partement des sciences biologiques) Daniel Lemieux (responsable technique au d\u00e9partement)<\/p>\n","protected":false},"author":1,"featured_media":0,"parent":141,"menu_order":0,"comment_status":"closed","ping_status":"closed","template":"full-width-page.php","meta":{"footnotes":""},"class_list":["post-178","page","type-page","status-publish","hentry"],"_links":{"self":[{"href":"https:\/\/mobillab.etsmtl.ca\/index.php?rest_route=\/wp\/v2\/pages\/178","targetHints":{"allow":["GET"]}}],"collection":[{"href":"https:\/\/mobillab.etsmtl.ca\/index.php?rest_route=\/wp\/v2\/pages"}],"about":[{"href":"https:\/\/mobillab.etsmtl.ca\/index.php?rest_route=\/wp\/v2\/types\/page"}],"author":[{"embeddable":true,"href":"https:\/\/mobillab.etsmtl.ca\/index.php?rest_route=\/wp\/v2\/users\/1"}],"replies":[{"embeddable":true,"href":"https:\/\/mobillab.etsmtl.ca\/index.php?rest_route=%2Fwp%2Fv2%2Fcomments&post=178"}],"version-history":[{"count":0,"href":"https:\/\/mobillab.etsmtl.ca\/index.php?rest_route=\/wp\/v2\/pages\/178\/revisions"}],"up":[{"embeddable":true,"href":"https:\/\/mobillab.etsmtl.ca\/index.php?rest_route=\/wp\/v2\/pages\/141"}],"wp:attachment":[{"href":"https:\/\/mobillab.etsmtl.ca\/index.php?rest_route=%2Fwp%2Fv2%2Fmedia&parent=178"}],"curies":[{"name":"wp","href":"https:\/\/api.w.org\/{rel}","templated":true}]}}