{"id":199,"date":"2014-04-10T03:45:22","date_gmt":"2014-04-10T02:45:22","guid":{"rendered":"http:\/\/mobillab.etsmtl.ca\/?page_id=199"},"modified":"2014-04-10T03:45:22","modified_gmt":"2014-04-10T02:45:22","slug":"le-modle-uqtr","status":"publish","type":"page","link":"https:\/\/mobillab.etsmtl.ca\/?page_id=199","title":{"rendered":"Le mod\u00e8le UQTR"},"content":{"rendered":"<p><a href=\" http:\/\/mobillab.etsmtl.ca\/wp-content\/uploads\/2014\/04\/UQTR.png\"><img loading=\"lazy\" decoding=\"async\" src=\" http:\/\/mobillab.etsmtl.ca\/wp-content\/uploads\/2014\/04\/UQTR.png\" alt=\"\" title=\"UQTR\" width=\"450\" height=\"166\" class=\"alignnone size-full wp-image-200\" \/><\/a><\/p>\n<p><strong>Le Mod\u00e8le<\/strong><br \/>\n<a href=\" http:\/\/mobillab.etsmtl.ca\/wp-content\/uploads\/2014\/04\/ModeleUQTR.png\"><img loading=\"lazy\" decoding=\"async\" src=\" http:\/\/mobillab.etsmtl.ca\/wp-content\/uploads\/2014\/04\/ModeleUQTR.png\" alt=\"\" title=\"ModeleUQTR\" width=\"990\" height=\"743\" class=\"aligncenter size-full wp-image-201\" \/><\/a><\/p>\n<p><strong>L&rsquo;\u00e9quipe<\/strong><br \/>\nAdel Omar Dahmane<br \/>\n(Professeur\/Directeur du d\u00e9partement de g\u00e9nie \u00e9lectrique)<br \/>\n<a href=\" http:\/\/mobillab.etsmtl.ca\/wp-content\/uploads\/2014\/04\/EquipeUQTR.png\"><img loading=\"lazy\" decoding=\"async\" src=\" http:\/\/mobillab.etsmtl.ca\/wp-content\/uploads\/2014\/04\/EquipeUQTR-193x300.png\" alt=\"\" title=\"EquipeUQTR\" width=\"193\" height=\"300\" class=\"aligncenter size-medium wp-image-202\" \/><\/a><\/p>\n","protected":false},"excerpt":{"rendered":"<p>Le Mod\u00e8le L&rsquo;\u00e9quipe Adel Omar Dahmane (Professeur\/Directeur du d\u00e9partement de g\u00e9nie \u00e9lectrique)<\/p>\n","protected":false},"author":1,"featured_media":0,"parent":141,"menu_order":0,"comment_status":"closed","ping_status":"closed","template":"full-width-page.php","meta":{"footnotes":""},"class_list":["post-199","page","type-page","status-publish","hentry"],"_links":{"self":[{"href":"https:\/\/mobillab.etsmtl.ca\/index.php?rest_route=\/wp\/v2\/pages\/199","targetHints":{"allow":["GET"]}}],"collection":[{"href":"https:\/\/mobillab.etsmtl.ca\/index.php?rest_route=\/wp\/v2\/pages"}],"about":[{"href":"https:\/\/mobillab.etsmtl.ca\/index.php?rest_route=\/wp\/v2\/types\/page"}],"author":[{"embeddable":true,"href":"https:\/\/mobillab.etsmtl.ca\/index.php?rest_route=\/wp\/v2\/users\/1"}],"replies":[{"embeddable":true,"href":"https:\/\/mobillab.etsmtl.ca\/index.php?rest_route=%2Fwp%2Fv2%2Fcomments&post=199"}],"version-history":[{"count":0,"href":"https:\/\/mobillab.etsmtl.ca\/index.php?rest_route=\/wp\/v2\/pages\/199\/revisions"}],"up":[{"embeddable":true,"href":"https:\/\/mobillab.etsmtl.ca\/index.php?rest_route=\/wp\/v2\/pages\/141"}],"wp:attachment":[{"href":"https:\/\/mobillab.etsmtl.ca\/index.php?rest_route=%2Fwp%2Fv2%2Fmedia&parent=199"}],"curies":[{"name":"wp","href":"https:\/\/api.w.org\/{rel}","templated":true}]}}